95?
3
What is the thousands digit of 54733562?
3
What is the millions digit of 61971275?
1
What is the millions digit of 268083350?
8
What is the units digit of 1679584219?
9
What is the units digit of 68611018?
8
What is the units digit of 41147903?
3
What is the ten thousands digit of 764721433?
2
What is the ten thousands digit of 89908813?
0
What is the billions digit of 4699075085?
4
What is the tens digit of 20978995?
9
What is the hundreds digit of 1698216569?
5
What is the thousands digit of 14500547?
0
What is the hundreds digit of 2077467721?
7
What is the hundreds digit of 543205895?
8
What is the tens digit of 109495434?
3
What is the ten millions digit of 208357566?
0
What is the hundred millions digit of 2016946667?
0
What is the units digit of 911116867?
7
What is the hundreds digit of 1226063369?
3
What is the hundred millions digit of 1524298081?
5
What is the hundred thousands digit of 44008859?
0
What is the hundreds digit of 488054?
0
What is the ten millions digit of 1369710449?
6
What is the hundreds digit of 115854840?
8
What is the millions digit of 1874655778?
4
What is the hundreds digit of 8063864606?
6
What is the hundreds digit of 423557083?
0
What is the hundreds digit of 21255697?
6
What is the hundred millions digit of 322969193?
3
What is the millions digit of 3559429357?
9
What is the ten thousands digit of 5779735556?
3
What is the hundreds digit of 1450278171?
1
What is the ten millions digit of 8794835595?
9
What is the ten thousands digit of 122088032?
8
What is the ten thousands digit of 58122976?
2
What is the tens digit of 1275808065?
6
What is the billions digit of 1552541762?
1
What is the millions digit of 96535189?
6
What is the hundreds digit of 188303328?
3
What is the thousands digit of 121587695?
7
What is the ten thousands digit of 4280605787?
0
What is the millions digit of 89369588?
9
What is the hundred thousands digit of 282406835?
4
What is the tens digit of 64048945?
4
What is the hundred thousands digit of 2795043530?
0
What is the hundred thousands digit of 26936630?
9
What is the millions digit of 1476668937?
6
What is the millions digit of 29552922?
9
What is the ten millions digit of 913421916?
1
What is the ten millions digit of 114157327?
1
What is the hundreds digit of 10337918?
9
What is the hundreds digit of 96206313?
3
What is the millions digit of 1423129406?
3
What is the hundred thousands digit of 66871762?
8
What is the tens digit of 1699556205?
0
What is the hundreds digit of 559422464?
4
What is the millions digit of 1431484742?
1
What is the hundred thousands digit of 790066306?
0
What is the units digit of 148053811?
1
What is the ten thousands digit of 253078935?
7
What is the units digit of 24079874?
4
What is the hundred thousands digit of 37568340?
5
What is the thousands digit of 10323865?
3
What is the millions digit of 13510529?
3
What is the tens digit of 27906222?
2
What is the units digit of 539302488?
8
What is the thousands digit of 49945126?
5
What is the thousands digit of 326439969?
9
What is the units digit of 2183324026?
6
What is the tens digit of 44400569?
6
What is the hundreds digit of 130065586?
5
What is the units digit of 237754715?
5
What is the thousands digit of 28082434?
2
What is the hundreds digit of 872854849?
8
What is the units digit of 177739866?
6
What is the tens digit of 428654715?
1
What is the thousands digit of 5264261410?
1
What is the thousands digit of 1105147?
5
What is the ten millions digit of 74498710?
7
What is the millions digit of 61296726?
1
What is the ten thousands digit of 1384787638?
8
What is the ten millions digit of 245958236?
4
What is the ten thousands digit of 56545927?
4
What is the units digit of 2535249536?
6
What is the units digit of 1403533404?
4
What is the ten thousands digit of 46958189?
5
What is the hundred thousands digit of 95906423?
9
What is the hundred millions digit of 561868459?
5
What is the hundreds digit of 122887209?
2
What is the thousands digit of 280396205?
6
What is the millions digit of 23461650?
3
What is the hundred millions digit of 1944000067?
9
What is the hundreds digit of 968209601?
6
What is the billions digit of 4164471590?
4
What is the hundreds digit of 154138237?
2
What is the units digit of 174023029?
9
What is the tens digit of 2151154420?
2
What is the tens digit of 52193445?
4
What is the millions digit of 59817454?
9
What is the ten thousands digit of 6793847503?
4
What is the hundred thousands digit of 140918307?
9
What is the tens digit of 76071532?
3
What is the hundred thousands digit of 1940522391?
5
What is the hundreds digit of 155982384?
3
What is the ten millions digit of 566269512?
6
What is the thousands digit of 444064933?
4
What is the ten thousands digit of 4283967096?
6
What is the hundreds digit of 2131935522?
5
What is the ten millions digit of 2134996417?
3
What is the hundred thousands digit of 4164588776?
5
What is the millions digit of 221852676?
1
What is the thousands digit of 12448199?
8
What is the hundreds digit of 282989297?
2
What is the billions digit of 1497287664?
1
What is the hundred millions digit of 299073738?
2
What is the hundred thousands digit of 2073827659?
8
What is the tens digit of 74913414?
1
What is the tens digit of 31007637?
3
What is the tens digit of 623716046?
4
What is the thousands digit of 22715228?
5
What is the units digit of 43475162?
2
What is the tens digit of 143676756?
5
What is the ten millions digit of 192186602?
9
What is the millions digit of 16026554?
6
What is the ten millions digit of 19388276?
1
What is the ten thousands digit of 33404056?
0
What is the ten millions digit of 1797965142?
9
What is the tens digit of 92589157?
5
What is the units digit of 2870017923?
3
What is the ten millions digit of 52898824?
5
What is the hundred millions digit of 3975812042?
9
What is the thousands digit of 234130572?
0
What is the millions digit of 166859070?
6
What is the units digit of 102317725?
5
What is the hundreds digit of 166244804?
8
What is the tens digit of 4361837528?
2
What is the tens digit of 1264620820?
2
What is the tens digit of 2144562023?
2
What is the hundreds digit of 2327398759?
7
What is the millions digit of 25633571?
5
What is the hundred thousands digit of 277970618?
9
What is the ten millions digit of 25613466?
2
What is the tens digit of 326571686?
8
What is the ten thousands digit of 28275546?
7
What is the tens digit of 56134112?
1
What is the ten thousands digit of 128298571?
9
What is the billions digit of 2681531411?
2
What is the ten thousands digit of 5496276023?
7
What is the millions digit of 1508314858?
8
What is the thousands digit of 22083969?
3
What is the tens digit of 13913826?
2
What is the tens digit of 1236482070?
7
What is the tens digit of 105955789?
8
What is the millions digit of 205749270?
5
What is the units digit of 194022119?
9
What is the tens digit of 443237551?
5
What is the hundred millions digit of 663042397?
6
What is the ten thousands digit of 113091552?
9
What is the hundred thousands digit of 38596190?
5
What is the thousands digit of 1764417295?
7
What is the hundreds digit of 16368657?
6
What is the units digit of 87847752?
2
What is the ten thousands digit of 877880617?
8
What is the hundreds digit of 2064796412?
4
What is the thousands digit of 47087017?
7
What is the hundred thousands digit of 57769513?
7
What is the ten thousands digit of 39070746?
7
What is the ten millions digit of 307589210?
0
What is the hundred millions digit of 118101726?
1
What is the millions digit of 153733309?
3
What is the ten millions digit of 531347507?
3
What is the hundred thousands digit of 443887480?
8
What is the units digit of 4233252746?
6
What is the millions digit of 3006235193?
6
What is the millions digit of 50529664?
0
What is the hundreds digit of 2350291430?
4
What is the tens digit of 409956149?
4
What is the thousands digit of 2275451886?
1
What is the hundred millions digit of 156213223?
1
What is the thousands digit of 59492840?
2
What is the ten millions digit of 1286835034?
8
What is the units digit of 46626903?
3
What is the millions digit of 641655229?
1
What is the hundred thousands digit of 1000365764?
3
What is the hundred millions digi